1
Let j(p) = -16*p + 281. Give j(16).
25
Let r(x) = -x**2 + 34*x + 92. Calculate r(37).
-19
Let f(h) = -h**2 - 5*h - 8. What is f(-9)?
-44
Let a(k) = 3*k**2 - 5*k + 5. Calculate a(2).
7
Let f(u) = -u**3 - 7*u**2 - 6*u - 16. What is f(-6)?
-16
Let n(d) = -d**3 + 4*d**2 - 9*d + 21. Determine n(3).
3
Let r(z) = z**3 + 4*z**2 + 2*z + 2. What is r(-3)?
5
Let s(w) = w**2 + 7*w + 21. Determine s(-7).
21
Let h(t) = 2*t**3 + 6*t**2 - 7*t - 2. Determine h(-5).
-67
Let d(z) = -3*z - 26. Determine d(8).
-50
Let m(d) = -3*d**2 - 13*d + 3. Determine m(-5).
-7
Let j(q) = -q**3 - 12*q**2 - 11*q + 10. Calculate j(-11).
10
Let x(p) = -2*p**2 + 6*p + 8. Give x(-2).
-12
Let v(d) = 6*d**2 + 6*d + 7. What is v(-1)?
7
Let a(t) = -5*t**2 + t. Calculate a(2).
-18
Let l(d) = -d**2 - 5*d + 14. Determine l(-7).
0
Let l(d) = d**3 - 8*d**2 + 11*d - 21. Determine l(7).
7
Let o(a) = -a**2 - 9*a + 41. Calculate o(-12).
5
Let y(k) = -k**3 - 5*k**2 - 2*k - 5. What is y(-4)?
-13
Let o(q) = -11*q + 6. Give o(4).
-38
Let f(v) = -5*v**3 - v**2 - v + 1. What is f(-1)?
6
Let t(k) = k**2 - 8*k + 4. Calculate t(7).
-3
Let f(p) = -p**3 - 3*p**2 + 2*p + 6. Give f(-3).
0
Let k(y) = 8*y. Calculate k(-3).
-24
Let d(b) = 3*b - 13. What is d(7)?
8
Let n(k) = -k**2 - 6*k - 5. Calculate n(-4).
3
Let p(y) = y**3 - 4*y**2 + 10*y + 6. Determine p(5).
81
Let r(u) = -u**2 + 24*u + 577. Give r(39).
-8
Let o(v) = 25*v**2 - 449*v - 18. Give o(18).
0
Let p(f) = f**3 - 10*f**2 + 5*f - 21. Calculate p(10).
29
Let r(d) = d**3 + 8*d**2 + 2*d + 7. Calculate r(-8).
-9
Let a(f) = -4*f**2 - 7*f - 5. Calculate a(-2).
-7
Let u(a) = 6*a**2 - 4*a + 6. Give u(1).
8
Let x(u) = -14*u + 217. Give x(16).
-7
Let u(x) = 3*x**2 - x. Determine u(1).
2
Let n(a) = a**2 + 14*a + 3. Determine n(-14).
3
Let y(r) = -r**3 - 9*r**2 - 15*r - 1. Give y(-6).
-19
Let g(d) = 5*d**2 - 123*d + 64. Determine g(24).
-8
Let u(o) = -20*o + 215. Calculate u(11).
-5
Let r(w) = 46*w + 8. Determine r(-2).
-84
Let v(x) = x**2 + 3*x + 7. What is v(-3)?
7
Let s(c) = c**3 + 6*c**2 + 2*c + 1. Give s(-1).
4
Let z(o) = o - 13. Determine z(6).
-7
Let o(m) = -3*m + 46. Calculate o(12).
10
Let k(c) = -c**2 - 5*c + 6. What is k(1)?
0
Let x(n) = -n**3 + 12*n**2 - 1. Determine x(0).
-1
Let b(r) = r**3 + 4*r**2 - 11*r + 15. Determine b(-6).
9
Let h(m) = -19*m + 260. What is h(14)?
-6
Let n(t) = t**3 + 9*t**2 - 6*t - 9. Calculate n(-9).
45
Let h(x) = -2*x**2 - 29*x - 20. Give h(-15).
-35
Let a(m) = -21*m - 18. Calculate a(-1).
3
Let y(h) = -99*h + 191. Determine y(2).
-7
Let m(h) = -35*h - 9. What is m(-1)?
26
Let k(s) = s**3 + 7*s**2 + 8*s - 10. Give k(-5).
0
Let u(x) = -x**2 + 11*x + 27. Calculate u(12).
15
Let u(h) = -h**3 + h**2 + 5*h - 2. What is u(4)?
-30
Let i(r) = -r**2 + 9*r - 5. What is i(7)?
9
Let x(z) = -11*z + 61. Give x(6).
-5
Let h(d) = -8*d + 88. Give h(12).
-8
Let d(h) = h**2 + 4*h + 3. Determine d(0).
3
Let o(v) = v**3 + 9*v**2 - 37*v - 6. Give o(-12).
6
Let z(g) = 3*g + 18. What is z(-9)?
-9
Let j(f) = -29*f - 42. Determine j(-1).
-13
Let j(k) = 3*k - 18. Give j(-16).
-66
Let u(i) = -5*i + 29. Determine u(6).
-1
Let h(r) = -8*r + 58. Calculate h(26).
-150
Let l(t) = 4*t + 8. Determine l(-3).
-4
Let i(v) = 2*v**3 + 2*v**2 - 2*v. Calculate i(2).
20
Let w(b) = 2*b**2 - 4*b + 39. Calculate w(4).
55
Let n(f) = 2*f**2 - 6*f + 1. Determine n(5).
21
Let h(y) = y + 27. What is h(-32)?
-5
Let w(s) = -s**2 + s - 4. Calculate w(-8).
-76
Let x(d) = d**3 - 6*d**2 + 11*d - 6. What is x(4)?
6
Let g(a) = a**2 - 16*a - 14. What is g(17)?
3
Let c(r) = r**3 - 10*r**2 + 22*r + 12. Give c(5).
-3
Let h(q) = -q**2 + 23*q - 58. Give h(21).
-16
Let n(h) = 3*h**2 + 5*h + 2. What is n(-2)?
4
Let j(u) = 3*u**2 - 43*u + 36. Calculate j(14).
22
Let a(p) = -3*p + 25. Give a(39).
-92
Let o(z) = -11*z + 49. Give o(5).
-6
Let q(w) = -22*w**2 - w. Calculate q(-1).
-21
Let k(c) = -c**3 + 11*c**2 - 9*c + 5. Give k(11).
-94
Let y(t) = t**3 + 47*t**2 + 90*t + 5. What is y(-45)?
5
Let a(q) = -25*q - 367. What is a(-15)?
8
Let i(q) = 5*q - 80. Calculate i(16).
0
Let t(g) = 2*g**2 - g - 27. What is t(-4)?
9
Let s(x) = x**3 + 14*x**2 + 14*x + 17. Give s(-13).
4
Let z(i) = 3*i**2 + 3*i + 3. Calculate z(-2).
9
Let z(f) = f - 25. What is z(20)?
-5
Let s(k) = k**3 + 3*k**2 + 5*k + 7. What is s(-3)?
-8
Let b(d) = -2*d**2 + 28*d + 35. What is b(15)?
5
Let l(m) = 3*m**3 + 27*m**2 - m - 7. Determine l(-9).
2
Let d(x) = 3*x**2 - 3*x + 7. What is d(-5)?
97
Let j(f) = f**2 - 12*f - 11. Give j(12).
-11
Let a(g) = g**2 - 28*g + 200. Give a(13).
5
Let h(c) = c**3 + 4*c**2 - c + 6. Determine h(-5).
-14
Let o(q) = 2*q**2 - 5*q - 25. Determine o(-4).
27
Let m(n) = -n**3 + 6*n**2 + 55*n - 3. Calculate m(11).
-3
Let v(c) = -c**2 - 6. Give v(-2).
-10
Let c(d) = -d**3 + 7*d**2 + 21*d + 15. Give c(9).
42
Let d(f) = f**3 + 23*f**2 + 24*f + 48. Determine d(-22).
4
Let b(p) = p**3 + 19*p**2 + 18*p + 4. What is b(-18)?
4
Let h(d) = d**2 + 4*d - 28. Calculate h(-8).
4
Let d(w) = w**3 + 10*w**2 + 8*w - 12. Calculate d(-9).
-3
Let d(v) = -v**2 + 2*v + 2. Calculate d(4).
-6
Let l(d) = -d**3 + 5*d**2 - 5*d + 6. Determine l(2).
8
Let l(x) = x**2 + 45*x - 194. Give l(-49).
2
Let i(z) = z**3 - 36*z**2 - 2*z + 32. Determine i(36).
-40
Let u(w) = w**2 + 7*w - 10. Determine u(-12).
50
Let x(i) = -i**3 - 9*i**2 - 2*i - 13. What is x(-9)?
5
Let g(n) = -4*n + 14. Give g(10).
-26
Let q(v) = v**3 - 5*v**2 - 24*v - 7. Give q(8).
-7
Let v(q) = 13*q + 2. Calculate v(4).
54
Let m(r) = -10*r + 5. What is m(12)?
-115
Let l(f) = 2*f**3 + 21*f**2 + 6*f + 6. Determine l(-10).
46
Let k(v) = v**2 + 6*v - 4. Determine k(-8).
12
Let w(q) = q**2 - 14*q + 28. Determine w(12).
4
Let s(l) = l**2 - 8*l + 7. Give s(12).
55
Let v(c) = c**2 + 9*c + 5. Determine v(-9).
5
Let p(x) = -x**2 - 18*x - 14. What is p(-16)?
18
Let b(p) = -p**3 + 2*p**2 + 5*p - 3. Give b(4).
-15
Let f(r) = r**3 + 8*r**2 + 20*r + 50. Give f(-6).
2
Let u(h) = -29*h + 1. Calculate u(2).
-57
Let x(m) = -4*m**2 + 2*m + 2. What is x(2)?
-10
Let j(d) = -3*d**2 - 3*d + 7. Give j(-4).
-29
Let t(v) = -v**2 - 2*v + 232. Determine t(-16).
8
Let n(c) = c**3 + 3*c**2 - 2*c - 2. What is n(2)?
14
Let k(f) = 6*f + 114. Determine k(-19).
0
Let p(v) = -5*v - 3. Determine p(-4).
17
Let s(b) = b**3 + 7*b**2 + 8*b + 3. Determine s(-6).
-9
Let b(y) = 33*y - 2. Determine b(-1).
-35
Let x(f) = f + 11. Calculate x(-4).
7
Let b(t) = 3*t**2 + 2*t - 2. What is b(-2)?
6
Let i(h) = 6*h**2 - h - 1. What is i(-1)?
6
Let g(r) = r**2 + 38*r + 167. What is g(-33)?
2
Let p(s) = s**2 + 10*s - 12. What is p(-11)?
-1
Let t(j) = j**3 - 7*j**2 - 3*j - 4. Calculate t(8).
36
Let f(i) = -i**2 + 23*i - 106. Determine f(6).
-4
Let c(y) = -8*y - 178. Determine c(-23).
6
Let q(l) = l**3 + 6*l**2 - 7*l + 3. Calculate q(-7).
3
Let b(p) = p**2 + 5*p - 9. What is b(-8)?
15
Let s(n) = n - 11. Determine s(10).
-1
Let o(c) = 32*c**3 + c**2 + c. Give o(-1).
-32
Let d(s) = -s**2 + 10*s - 2. Calculate d(8).
14
Let o(t) = -7*t + 171. Calculate o(23).
10
Let g(h) = -h**3 - 20*h**2 - 18*h + 18. Determine g(-19).
-1
Let a(m) = m**2 - 5*m. What is a(5)?
0
Let s(k) = k**2 + 17*k + 38. Give s(-14).
-4
Let w(b) = b**2 + 2*b - 3. What is w(-2)?
-3
Let u(j) = -j**2 - 14*j - 27. What is u(-9)?
18
Let j(h) = h - 2. Determine j(0).
-2
Let v(w) = w**3 - 24*w**2 + 2*w - 45. Give v(24).
3
Let y(l) = l**3 + 5*l**2 - 2*l - 7. What is y(-5)?
3
Let u(w) = -w**2 + 2*w - 10. Determine u(0).
-10
Let t(k) = 3*k + 8. Calculate t(-4).
-4
Let l(c) = -c**2 - 18*c - 55. What is l(-14)?
1
Let b(y) = -119*y - 3453. What is b(-29)?
-2
Let j(f) = f**3 + 23*f**2 + 23*f + 45. Calculate j(-22).
23
Let n(v) = v + 31. Determine n(-30).
1
Let s(k) = -k**3 - 9*k**2 - 15*k + 1. What is s(-7)?
8
Let r(n) = -n**3 - n**2 + 2*n + 11. Give r(0).
11
Let q(b) = b**3 + 12*b**2 - 5*b + 107. Determine q(-13).
3
Let l(c) = 2*c**2 + c - 3. Calculate l(4).
33
Let n(b) = b**3 - 23*b**2 - 2*b + 35. Determine n(23).
-11
Let r(q) = q**2 + 20*q + 73. Determine r(-8).
-23
Let a(y) = 23*y**2 + 4. Calculate a(2).
96
Let p(s) = -15*s + 11. Determine p(2).
-19
Let w(l) = 6*l + 98. Give w(-17).
-4
Let t(w) = 5*w - 71. What is t(16)?
9
Let i(h) = h**2 + 2*h - 17. What is i(7)?
46
Let h(n) = -n - 3. Determine h(3).
-6
Let v(m) = -2*m**3 + 12*m**2 + 6*m + 70. Calculate v(7).
14
Let v(q) = q**3